remainder when 93 is divided by 8.
5
What is the remainder when 217 is divided by 70?
7
Calculate the remainder when 1550 is divided by 6.
2
Calculate the remainder when 4745 is divided by 88.
81
What is the remainder when 253 is divided by 20?
13
What is the remainder when 3214 is divided by 21?
1
Calculate the remainder when 1201 is divided by 146.
33
What is the remainder when 6941 is divided by 3465?
11
Calculate the remainder when 2727 is divided by 24.
15
Calculate the remainder when 908 is divided by 222.
20
What is the remainder when 5450 is divided by 11?
5
What is the remainder when 1222 is divided by 51?
49
Calculate the remainder when 1061 is divided by 18.
17
What is the remainder when 226 is divided by 77?
72
Calculate the remainder when 229 is divided by 26.
21
Calculate the remainder when 2978 is divided by 83.
73
What is the remainder when 5423 is divided by 155?
153
Calculate the remainder when 157 is divided by 27.
22
Calculate the remainder when 153 is divided by 6.
3
What is the remainder when 755 is divided by 19?
14
What is the remainder when 4092 is divided by 128?
124
Calculate the remainder when 258 is divided by 7.
6
Calculate the remainder when 1992 is divided by 74.
68
Calculate the remainder when 206 is divided by 66.
8
What is the remainder when 15 is divided by 12?
3
Calculate the remainder when 2365 is divided by 20.
5
Calculate the remainder when 228 is divided by 43.
13
Calculate the remainder when 402 is divided by 11.
6
What is the remainder when 781 is divided by 23?
22
Calculate the remainder when 183 is divided by 36.
3
Calculate the remainder when 340 is divided by 70.
60
What is the remainder when 1636 is divided by 179?
25
Calculate the remainder when 410 is divided by 19.
11
What is the remainder when 3662 is divided by 18?
8
What is the remainder when 1378 is divided by 19?
10
Calculate the remainder when 189 is divided by 46.
5
What is the remainder when 38 is divided by 32?
6
Calculate the remainder when 112 is divided by 19.
17
What is the remainder when 2118 is divided by 26?
12
What is the remainder when 236 is divided by 7?
5
What is the remainder when 1564 is divided by 82?
6
Calculate the remainder when 115 is divided by 17.
13
What is the remainder when 625 is divided by 30?
25
Calculate the remainder when 2546 is divided by 26.
24
What is the remainder when 921 is divided by 71?
69
What is the remainder when 1341 is divided by 261?
36
What is the remainder when 126 is divided by 13?
9
Calculate the remainder when 95 is divided by 12.
11
Calculate the remainder when 12877 is divided by 23.
20
What is the remainder when 3263 is divided by 25?
13
Calculate the remainder when 1033 is divided by 56.
25
What is the remainder when 171 is divided by 35?
31
Calculate the remainder when 465 is divided by 28.
17
What is the remainder when 133 is divided by 34?
31
Calculate the remainder when 1064 is divided by 13.
11
Calculate the remainder when 1151 is divided by 32.
31
What is the remainder when 2883 is divided by 26?
23
What is the remainder when 63 is divided by 36?
27
Calculate the remainder when 237 is divided by 71.
24
What is the remainder when 928 is divided by 18?
10
What is the remainder when 2896 is divided by 265?
246
What is the remainder when 223 is divided by 16?
15
Calculate the remainder when 169 is divided by 70.
29
Calculate the remainder when 168 is divided by 55.
3
What is the remainder when 71047 is divided by 29?
26
What is the remainder when 1336 is divided by 101?
23
Calculate the remainder when 582 is divided by 290.
2
Calculate the remainder when 363 is divided by 14.
13
What is the remainder when 188 is divided by 7?
6
What is the remainder when 331 is divided by 67?
63
Calculate the remainder when 74 is divided by 19.
17
What is the remainder when 45 is divided by 17?
11
What is the remainder when 16 is divided by 10?
6
Calculate the remainder when 11471 is divided by 255.
251
What is the remainder when 510 is divided by 79?
36
Calculate the remainder when 3599 is divided by 40.
39
What is the remainder when 197 is divided by 67?
63
Calculate the remainder when 240 is divided by 58.
8
Calculate the remainder when 174 is divided by 22.
20
Calculate the remainder when 537 is divided by 12.
9
What is the remainder when 1029 is divided by 69?
63
Calculate the remainder when 256 is divided by 9.
4
What is the remainder when 2529 is divided by 324?
261
Calculate the remainder when 318 is divided by 40.
38
Calculate the remainder when 377 is divided by 76.
73
Calculate the remainder when 463 is divided by 69.
49
Calculate the remainder when 1396 is divided by 127.
126
Calculate the remainder when 123 is divided by 17.
4
What is the remainder when 1599 is divided by 134?
125
Calculate the remainder when 2656 is divided by 10.
6
Calculate the remainder when 1092 is divided by 152.
28
Calculate the remainder when 1597 is divided by 791.
15
What is the remainder when 44832 is divided by 35?
32
What is the remainder when 110 is divided by 37?
36
Calculate the remainder when 544 is divided by 42.
40
Calculate the remainder when 98 is divided by 25.
23
What is the remainder when 9 is divided by 5?
4
What is the remainder when 485 is divided by 147?
44
What is the remainder when 2612 is divided by 1284?
44
Calculate the remainder when 106 is divided by 41.
24
What is the remainder when 452 is divided by 75?
2
Calculate the remainder when 779 is divided by 97.
3
What is the remainder when 675 is divided by 13?
12
What is the remainder when 232 is divided by 136?
96
Calculate the remainder when 145 is divided by 35.
5
Calculate the remainder when 259 is divided by 29.
27
Calculate the remainder when 220 is divided by 15.
10
What is the remainder when 184 is divided by 177?
7
Calculate the remainder when 131 is divided by 67.
64
Calculate the remainder when 1230 is divided by 88.
86
What is the remainder when 27 is divided by 21?
6
Calculate the remainder when 3787 is divided by 25.
12
Calculate the remainder when 429 is divided by 12.
9
What is the remainder when 38 is divided by 13?
12
What is the remainder when 165 is divided by 35?
25
What is the remainder when 348 is divided by 9?
6
What is the remainder when 295 is divided by 66?
31
What is the remainder when 65 is divided by 24?
17
Calculate the remainder when 60 is divided by 16.
12
Calculate the remainder when 264 is divided by 15.
9
What is the remainder when 238 is divided by 5?
3
Calculate the remainder when 4533 is divided by 36.
33
What is the remainder when 5225 is divided by 434?
17
What is the remainder when 204 is divided by 44?
28
Calculate the remainder when 2142 is divided by 16.
14
Calculate the remainder when 354 is divided by 72.
66
What is the remainder when 115 is divided by 106?
9
What is the remainder when 29 is divided by 19?
10
Calculate the remainder when 98 is divided by 32.
2
What is the remainder when 56 is divided by 21?
14
Calculate the remainder when 57 is divided by 17.
6
What is the remainder when 2506 is divided by 208?
10
What is the remainder when 3237 is divided by 539?
3
What is the remainder when 635 is divided by 11?
8
Calculate the remainder when 135 is divided by 46.
43
Calculate the remainder when 396 is divided by 45.
36
Calculate the remainder when 18 is divided by 14.
4
Calculate the remainder when 218 is divided by 56.
50
What is the remainder when 417 is divided by 53?
46
What is the remainder when 3880 is divided by 37?
32
Calculate the remainder when 23039 is divided by 128.
127
What is the remainder when 170 is divided by 18?
8
Calculate the remainder when 467 is divided by 9.
8
Calculate the remainder when 6825 is divided by 55.
5
What is the remainder when 4619 is divided by 154?
153
What is the remainder when 103 is divided by 9?
4
Calculate the remainder when 35800 is divided by 13.
11
Calculate the remainder when 7 is divided by 3.
1
Calculate the remainder when 709 is divided by 34.
29
What is the remainder when 665 is divided by 5?
0
What is the remainder when 438 is divided by 44?
42
Calculate the remainder when 477 is divided by 30.
27
What is the remainder when 373 is divided by 62?
1
What is the remainder when 277 is divided by 113?
51
Calculate the remainder when 31